232250 + -265?
-232535
In base 13, what is 33 - 4660c9?
-466096
In base 8, what is 27165112 + -3?
27165107
In base 14, what is 3 + 4cd0d6?
4cd0d9
In base 14, what is 4dad5a41 + 4?
4dad5a45
In base 3, what is -1100222022202 + 11220?
-1100222010212
In base 12, what is -2 - -b55087?
b55085
In base 6, what is 143555100 - 30?
143555030
In base 10, what is -4 + -758432?
-758436
In base 15, what is -4 + 1e0cede?
1e0ceda
In base 3, what is 1110 - 112120001012?
-112112222202
In base 7, what is -42046334 - -4?
-42046330
In base 8, what is -1046133274 - 3?
-1046133277
In base 5, what is -244 - 400303202?
-400304001
In base 14, what is -12a57 - -73?
-129c4
In base 11, what is 56447 - 253?
561a4
In base 6, what is 31510422 - -24?
31510450
In base 6, what is -2310 - -3423?
1113
In base 13, what is -12c0 - 4041?
-5331
In base 16, what is 694c030 + -4?
694c02c
In base 11, what is -466 - 20417?
-20882
In base 2, what is -1101111111001001100 - 1010110110?
-1110000000100000010
In base 12, what is -4 - -286a8698?
286a8694
In base 14, what is -c98d1ac - 5?
-c98d1b3
In base 2, what is 11110100011100010100100 - 11?
11110100011100010100001
In base 13, what is -8 - 13205ab?
-13205b6
In base 10, what is 5156 + 2996?
8152
In base 13, what is 3 - -628779?
62877c
In base 6, what is -444302443 + -1?
-444302444
In base 11, what is -12 + -15817125?
-15817137
In base 4, what is -3202 - -3100212220?
3100203012
In base 8, what is -10271405 + 14?
-10271371
In base 2, what is 11101110100 - -1001101010010111?
1010001000001011
In base 13, what is 68a3a - -1a1?
68c0b
In base 10, what is -2622 - -240990?
238368
In base 13, what is -b830c + b?
-b8301
In base 2, what is -1101011100 - 1110101010011101?
-1110110111111001
In base 2, what is 10000 - 1100011010100101110000?
-1100011010100101100000
In base 13, what is 10328162 + 2?
10328164
In base 3, what is 1002 - 101212211222?
-101212210220
In base 14, what is 1b - 439d72?
-439d55
In base 2, what is -1110101010100110 - -100000001010?
-1110001010011100
In base 10, what is -3454 - 16093?
-19547
In base 16, what is -6b053 + 42?
-6b011
In base 3, what is 110120121 - 211222000?
-101101102
In base 11, what is 546a623 + 147?
546a76a
In base 6, what is -44241 + -2201241?
-2245522
In base 3, what is 20112100102100020 + -2?
20112100102100011
In base 4, what is 22212 + 33122313?
33211131
In base 5, what is 0 - -200201113?
200201113
In base 2, what is -1010010001011001 + 1011010110?
-1010000110000011
In base 7, what is 3 + 1506614644?
1506614650
In base 2, what is -10100011111 + -10101111101100?
-11000100001011
In base 8, what is -3277567452 + -1?
-3277567453
In base 2, what is -11 + -1001110111000001000100100111?
-1001110111000001000100101010
In base 15, what is -4dce044 - 5?
-4dce049
In base 7, what is 4 - -1266425565?
1266425602
In base 8, what is 1263600 - -271?
1264071
In base 13, what is c3a87a - -4?
c3a881
In base 8, what is 167 - -353417?
353606
In base 8, what is 123474765 - -16?
123475003
In base 3, what is -20202020200 - -11002?
-20202002121
In base 15, what is -453c97 + 8e?
-453c08
In base 2, what is -10010100010000011100110 + -1111?
-10010100010000011110101
In base 5, what is 21443 - 1313?
20130
In base 10, what is -6877536 + -12?
-6877548
In base 11, what is 17195649 + 11?
1719565a
In base 6, what is 3 - -1020331?
1020334
In base 5, what is 201242142 + 141?
201242333
In base 7, what is -6 + -1233046604?
-1233046613
In base 6, what is -3321022531 + -10?
-3321022541
In base 15, what is ba + -90cd2?
-90c17
In base 9, what is -1 - 31764551?
-31764552
In base 7, what is 201005 + 235?
201243
In base 6, what is 5351340505 - -2?
5351340511
In base 6, what is 503 - -25021112?
25022015
In base 5, what is 2 + -241104243040?
-241104243033
In base 9, what is 8513 + -7322?
1181
In base 8, what is 107 - -156000?
156107
In base 9, what is -3880 + -8743?
-13733
In base 9, what is 317 - -2657?
3075
In base 5, what is -20221 - 310422?
-331143
In base 7, what is 141432152 + 2?
141432154
In base 3, what is -122 + -1022121021111?
-1022121022010
In base 15, what is 1 + 497678?
497679
In base 14, what is 3 + -6195a9?
-6195a6
In base 3, what is 12210 + -210101010?
-210011100
In base 4, what is 100013000 + -231?
100012103
In base 3, what is -22 - -1122100012122101?
1122100012122002
In base 9, what is -5 + -1664840?
-1664845
In base 3, what is -10101122 - -1221110202?
1211002010
In base 9, what is 4862757 - 4?
4862753
In base 7, what is -22333 + -346?
-23012
In base 2, what is 101010111011111101100010110 + -1?
101010111011111101100010101
In base 4, what is -10132 - 102113031?
-102123223
In base 4, what is -23003 + -20120230?
-20203233
In base 10, what is -35000 - -2548?
-32452
In base 9, what is 5466 + -1476?
3880
In base 9, what is -1441 + 21815?
20364
In base 8, what is -4063 + -124?
-4207
In base 8, what is -22116 + 12222?
-7674
In base 12, what is 39244b6 - -15?
392450b
In base 2, what is -111111 + 10111100010011010?
10111100001011011
In base 4, what is 1011 + 12001320?
12002331
In base 16, what is 1577 - 44a?
112d
In base 2, what is 1110011101101000001011 - -1?
1110011101101000001100
In base 11, what is -1272 - -640?
-732
In base 9, what is 13640615 - 18?
13640586
In base 10, what is 10962 + -34655?
-23693
In base 15, what is -12a + -5a798?
-5a8c3
In base 16, what is -2d33 - 29?
-2d5c
In base 16, what is -cb55c - -240?
-cb31c
In base 16, what is e4 + -4517?
-4433
In base 5, what is 3402 + 2334402?
2343304
In base 16, what is 26567 - -4?
2656b
In base 12, what is 3 + -8705829?
-8705826
In base 12, what is 4 - -2305393?
2305397
In base 16, what is 13c - 8abfe?
-8aac2
In base 9, what is -44 - 3187420?
-3187464
In base 13, what is -147 - 6c9b1?
-6cb28
In base 16, what is -9da + -36b?
-d45
In base 15, what is -25404 - -b?
-253e8
In base 4, what is 311032221111 + -11?
311032221100
In base 6, what is -1052154530 - 141?
-1052155111
In base 15, what is 3 + 180a56?
180a59
In base 10, what is -8 + 24722143?
24722135
In base 10, what is 167938 - 700?
167238
In base 8, what is -65130163 + 0?
-65130163
In base 10, what is -1 + 2560936?
2560935
In base 8, what is -105 + -4173326?
-4173433
In base 7, what is 3 - -1240156640?
1240156643
In base 12, what is -4 - -3aa7987?
3aa7983
In base 5, what is 23 - 21203222034?
-21203222011
In base 13, what is c117277 - 3?
c117274
In base 11, what is 51 + -1336819?
-1336778
In base 7, what is 1331005 - -366?
1331404
In base 3, what is -200101122010 + 2210?
-200101112100
In base 4, what is 210 + -33031103?
-33030233
In base 5, what is 1 + -111314442?
-111314441
In base 15, what is -6b1 + -945b?
-9b1c
In base 7, what is 142 - -133444?
133616
In base 4, what is -111022213233023 - 1?
-111022213233030
In base 8, what is 437576332 - -2?
437576334
In base 7, what is 1415045 - -40?
1415115
In base 3, what is 110201000002110 + 1?
110201000002111
In base 2, what is -11 - 1010000101101011000111111100?
-1010000101101011000111111111
In base 8, what is -3201056 - -703?
-3200153
In base 4, what is -212 + -2232210022?
-2232210300
In base 8, what is 2 + -3775557?
-3775555
In base 2, what is 10011010000001110011101 - -11110?
10011010000001110111011
In base 2, what is -110101110100 - -1111101111?
-100110000101
In base 3, what is -12 + 11202010000122?
11202010000110
In base 12, what is -12b501b + 1?
-12b501a
In base 9, what is -751844 - -7?
-751836
In base 2, what is 1111001101 - 100011100000001?
-100001100110100
In base 2, what is 111001000111110011 - -1011111010?
111001010011101101
In base 5, what is 1031214 - -241?
1032010
In base 15, what is 0 - -11cbade?
11cbade
In base 5, what is 212303 - 132?
212121
In base 8, what is 51763735 - 2?
51763733
In base 12, what is -5 - 2205a68a?
-2205a693
In base 9, what is -237427 - 2873?
-241411
In base 14, what is ad6da3 - 1?
ad6da2
In base 8, what is 2 - 426422571?
-426422567
In base 14, what is 3065 - -9b8?
3a3d
In base 11, what is -20 + -45272?
-45292
In base 16, what is 5650 - 6d?
55e3
In base 13, what is -114 - 11959?
-11a70
In base 2, what is 1011011101110 - 10101111?
1011000111111
In base 8, what is 11540 - 23440?
-11700
In base 7, what is -66 - -11520635?
11520536
In base 4, what is 131023133222201 - -1?
131023133222202
In base 3, what is -122 - -10012020220001?
10012020212102
In base 15, what is -14434e 